ivided by 21?
20
Let l be -34*2*((-7)/(-4))/(-7). Let a = 39 - l. What is the remainder when a is divided by 5?
2
Suppose -3*c = -2*p - 27 - 8, -c + 2*p + 17 = 0. What is the remainder when 146113/4070 + (2 - (-19)/(-10)) is divided by c?
0
Let d = -133 - -151. Calculate the remainder when 67 is divided by d.
13
Let l(p) = -p**3 + 5*p**2 + 5*p - 5. Let c be l(5). Let b = 30 + c. Calculate the remainder when b is divided by (-54)/(-4) + (-14)/28.
11
Let c(d) = -2*d + 9. Let u be c(3). Suppose -3*o - 2*z = -3*z - 44, -3*z = -u*o + 42. Calculate the remainder when 102 is divided by o.
12
Suppose -5*n = -10, 0 = 2*t + n - 143 + 49. Calculate the remainder when 505 is divided by t.
45
Let n be 10*(-3)/((-24)/(-52)). Let b be n + -1 + 1 + 0. Let r = 34 - b. What is the remainder when r is divided by 20?
19
What is the remainder when -14*(-6)/21 + 58 is divided by 33?
29
Let l = 6 - 4. Suppose l*w - 28 = 20. What is the remainder when w is divided by 13?
11
Suppose -2*s - 4*c = -56, 0 = s + c + 11 - 37. What is the remainder when 96 is divided by s?
0
Let f(c) = -c**3 + c + 58. What is the remainder when f(0) is divided by 20?
18
Suppose 15*z = 209 + 106. Suppose 5*y = 2*y + z. What is the remainder when 24 is divided by y?
3
Let y = 818 + -485. Calculate the remainder when y is divided by 21.
18
Let n(p) = -53*p - 158. What is the remainder when 105 is divided by n(-4)?
51
Suppose 2*k + k = 12. Suppose 2*o + 3*i = 16, -3*o + 24 + 2 = k*i. Let x = -59 + 114. What is the remainder when x is divided by o?
13
Let w be (-26)/(-5) + 3/(-15). Suppose w*m - 3*m - 26 = 0. Suppose r - 7 - 44 = 0. Calculate the remainder when r is divided by m.
12
Suppose 8*y = 49 + 159. What is the remainder when 1 + -1 + -1 + 72 - -5 is divided by y?
24
Let m(q) = -4*q + 3. Let a = -8 + 17. Let s be m(a). What is the remainder when 22/s - 83/(-3) is divided by 15?
12
Let g(l) = -76*l - 383. What is the remainder when g(-7) is divided by 26?
19
Let r(d) = -4*d + 28. Calculate the remainder when r(0) is divided by 15.
13
What is the remainder when 1208 is divided by (-1139)/(-85) + 6/(-15)?
12
Let v(n) = 2*n**3 + n**2 - 2*n + 1. Let m = 15 + -15. Suppose 21*k - 19*k - 30 = m. What is the remainder when v(3) is divided by k?
13
Suppose 0 = -o + 2 - 4. Calculate the remainder when 28*-3*o/12 is divided by (83 - 90) + 11 + 1.
4
Suppose 0 = -2*v + 7*v - 65. Suppose 82*l - 24 = 79*l. What is the remainder when -1*((l + -3 - 3) + -27) is divided by v?
12
What is the remainder when 2/(5 - ((-1240)/1232 + 6)) is divided by 13?
9
Let t = -17 + 30. Let s(u) = u**3 + 5*u**2 - u. Let i be s(-5). Suppose -d = 5*a - 183, -i*d = -2*a + 68 + 16. Calculate the remainder when a is divided by t.
11
What is the remainder when ((-1)/(-2))/(-1)*-18 is divided by (10/(-6) + -1)*105/(-70)?
1
Suppose -5*y + 2*s + 8 = 0, 3 = -2*y + 5*s + 2. Suppose 4 = y*k, -4*a - a - 39 = -2*k. Let t = a - -18. What is the remainder when 41 is divided by t?
8
Let y(q) = -q**2 + 11*q - 21. Suppose -1 - 15 = -2*n. Calculate the remainder when 9 is divided by y(n).
0
Let x(s) = -s**2 + 28. Let y be x(0). Suppose 0*r = r + 4*t + y, r + 26 = -2*t. What is the remainder when 35 is divided by (r/(-15))/((-6)/(-45))?
11
Let a(l) = 4*l + 45. Calculate the remainder when 52 is divided by a(-9).
7
Let d(v) = v**2 + 9*v - 15. Let n be d(7). Suppose 3*b - n = -2*m, 0 = -2*b + 4*b - 3*m - 56. Calculate the remainder when 91 is divided by b.
29
Let n = 157 + -240. Let l = -39 - n. Let k(b) = -b**3 - 9*b**2 - 10*b + 7. Calculate the remainder when l is divided by k(-8).
21
Suppose 5*w = -3*x + 180, 0 = 4*w + 6*x - 3*x - 141. What is the remainder when 337 is divided by w?
25
Let z(g) = g**3 + 3*g**2 - 3*g + 11. Calculate the remainder when 72 is divided by z(-3).
12
Suppose 0*j + 2 = j. Suppose -7*x = -j*x - 85. What is the remainder when 31 is divided by 13 - x - (-24)/2?
7
Let i(t) = 3*t**2 + 91*t + 122. What is the remainder when 251 is divided by i(-29)?
5
Calculate the remainder when (-4857)/(-30) - (-11)/110 is divided by 15.
12
What is the remainder when (10/2 + -6)/(2/(-1182)) is divided by 22?
19
Suppose -c + 148 = 2*m, -2*c + 7*c = -20. What is the remainder when m is divided by 1 - 1 - (-1 + -10)?
10
Suppose 0 = 3*r - 5*c - 162, 3*c = -5*r + 390 - 120. Calculate the remainder when r is divided by 35.
19
Let m = 32 - 32. Suppose 5*b = -o + 140, -b - 5*o = -4 - m. Calculate the remainder when b is divided by 90/12 + (-1)/(-2).
5
Let h(p) = p**3 + 4*p**2 + p - 2. Let r(w) = -w**3 + 6*w**2 + 25*w + 26. Calculate the remainder when r(9) is divided by h(-2).
0
Suppose -3*q - 4*m - 29 = -0*q, -2*q = -m + 1. Let z = 255 - 225. What is the remainder when (4 + -2)*(-132)/q is divided by z?
28
Let o be 3 + (-549)/12 - 1/4. What is the remainder when (-64)/(-1) - (0 + 0) is divided by o/(-2) - 19/(-38)?
20
Let t(a) = a**2 - 2 - 2 - 4 - 5 + 5*a. Calculate the remainder when t(-11) is divided by 28.
25
Suppose 0 = 3*b - 4*b + 4. Suppose b*i + 3*v - 46 = 2*i, 3*i - 88 = 5*v. What is the remainder when 126 is divided by i?
22
Let i(g) be the third derivative of g**3 + 0*g + 1/24*g**4 + 1/30*g**5 + 0 + 8*g**2. What is the remainder when i(4) is divided by 15?
12
Let d be ((-24)/(-16))/(3/24). Calculate the remainder when 36/16*80/d is divided by 8.
7
Let c(g) = 27*g**2 - 3*g + g**2 - 3*g**2 - 2. What is the remainder when c(-2) is divided by 21?
20
Let p(k) = 26*k**3 - 4*k - 3. Let o be p(-1). What is the remainder when (-1839)/(-15) - -1*(-10)/o is divided by 31?
30
Suppose 28 = -3*s + 4*s - 5*o, -4*s + 64 = 4*o. What is the remainder when 47 is divided by s?
11
Let s(w) = 2*w**2 - 18*w - 43. Calculate the remainder when s(15) is divided by 36.
29
Suppose v + 2*v - 54 = 0. Let w = 5 + v. Calculate the remainder when 44 is divided by w.
21
Let d(s) be the first derivative of -3*s**2 - 2*s - 6. Calculate the remainder when 11 is divided by d(-1).
3
Suppose 4*x + 12 = -4. Let d(v) = 4*v**2 + 15*v + 11. What is the remainder when d(-5) is divided by (-46)/x + 3/2?
10
Let o(w) = -w**3 + 5*w**2 - 3*w - 1. Let d be o(4). Let u(v) = -v - d*v - v + 2*v + 9. Calculate the remainder when u(-11) is divided by 11.
9
Suppose 4 = -2*a, 0 = -9*s + 4*s - 4*a + 2. Calculate the remainder when 27 is divided by s.
1
Let r(v) = v - 7. Let t be r(8). What is the remainder when (0 - -49)*1 + t is divided by 13?
11
Let n be (-6)/(-42) - (-13)/7. Suppose -n*t - 245 = -7*t. Let m = -42 + 67. Calculate the remainder when t is divided by m.
24
Suppose -2*p = -l, -p - 22 = -4*p - 4*l. Suppose -2*q - p = -c + 3, 0 = -5*c - 5*q + 100. Calculate the remainder when 1196/28 - (-2)/7 is divided by c.
13
Suppose 3*a - 2*s - 240 = 0, -181*a + 178*a = -5*s - 249. What is the remainder when 175 is divided by a?
19
Let p = -924 - -936. What is the remainder when 75 is divided by p?
3
Let d = 124 + -98. Suppose -d = -5*n + 64. Suppose -2*k = -3*k + 11. What is the remainder when n is divided by k?
7
Let a(x) = -2*x**3 - 48*x**2 + x + 32. Calculate the remainder when 150 is divided by a(-24).
6
What is the remainder when 503 is divided by (-191)/(-3) - (-94)/(-141)?
62
Suppose 9 = m + 2*l, 5*l + 12 = m - 4. Calculate the remainder when m is divided by 2.
1
Let t = -1826 - -1832. Calculate the remainder when 249 is divided by t.
3
Let y(s) = 5*s**2 - 4*s + 16. Let a be y(10). Let p = -248 + a. Calculate the remainder when p is divided by 46.
44
Let m be 4 + -1 - (4 - 6/6). Suppose 3*p + 6 = 0, m = 2*w - p - 150 + 58. Calculate the remainder when 177 is divided by w.
42
Suppose 170 - 10 = 4*v. Let w(m) = -m**2 - 14*m + 154. What is the remainder when v is divided by w(-21)?
5
Suppose 21604 = 67*i - 7072. What is the remainder when i is divided by 106?
4
Suppose 29 = 4*o - 3*c, -o + 6 - 1 = -3*c. Let z(d) = 4*d + 11. What is the remainder when z(o) is divided by 4/(-10) + 57/5?
10
Suppose -9*g + 20 = g. Suppose 0 = -3*h + 2*p + 14 + 4, 4*p + 4 = -g*h. What is the remainder when h is divided by 1?
0
Suppose 2*z + 3*w - 207 = 0, -10*w + 7*w + 9 = 0. What is the remainder when z is divided by 50?
49
Suppose 5 = 5*j - 6*j, -3*h = -4*j - 89. Calculate the remainder when h is divided by 15.
8
Suppose 0 = -4*h + 2*l - 5*l + 88, 0 = 4*l - 16. Suppose 2*j + 2*m - h = 1, 4*j - m = 45. Le